 greatest common divisor of 228161 and 27029.
151
Calculate the greatest common factor of 283709 and 3392.
53
What is the greatest common divisor of 1568144 and 2960?
16
What is the greatest common divisor of 256 and 4452464?
16
Calculate the highest common divisor of 4079910 and 1674.
186
Calculate the highest common factor of 144021 and 135237.
183
Calculate the highest common factor of 227085 and 285.
15
What is the greatest common factor of 215742 and 5986?
82
Calculate the greatest common factor of 38822 and 78883.
413
What is the greatest common divisor of 40034644 and 26?
26
Calculate the highest common factor of 18281 and 52621.
101
Calculate the highest common divisor of 54 and 2222361.
9
What is the highest common divisor of 304560 and 621387?
423
Calculate the highest common factor of 1581 and 277698.
93
What is the greatest common divisor of 34236361 and 3039?
1013
What is the greatest common divisor of 100 and 1207980?
20
Calculate the greatest common divisor of 6 and 30329058.
6
Calculate the greatest common divisor of 513434477 and 2246.
1123
What is the highest common divisor of 12474061 and 213?
71
What is the highest common divisor of 38813226 and 314?
314
Calculate the highest common divisor of 1906841 and 155.
31
What is the greatest common factor of 906490 and 1943890?
2470
What is the greatest common divisor of 297365999 and 4361?
623
What is the greatest common divisor of 30574629 and 513?
171
What is the highest common factor of 9825751 and 24896?
389
Calculate the highest common divisor of 868245 and 903.
21
What is the greatest common divisor of 347 and 57941713?
347
Calculate the greatest common divisor of 62838 and 556374634.
6982
Calculate the highest common divisor of 471 and 36885109.
157
What is the highest common factor of 137 and 10601?
1
Calculate the highest common factor of 29727 and 135.
27
What is the highest common factor of 313280056 and 17480?
3496
Calculate the highest common divisor of 2376 and 6586380.
108
What is the greatest common divisor of 69826149 and 54?
9
What is the greatest common factor of 749928 and 200?
8
What is the highest common factor of 733 and 25478347?
733
What is the highest common factor of 26575194 and 292344?
5622
Calculate the highest common divisor of 1463625 and 589353.
3903
What is the greatest common factor of 40188 and 3448288?
788
What is the highest common factor of 13431 and 44733?
111
Calculate the highest common factor of 135700590 and 5310.
1770
Calculate the greatest common factor of 3188888 and 8.
8
Calculate the highest common divisor of 55379 and 15181557.
701
Calculate the greatest common divisor of 2030 and 42994455.
35
Calculate the greatest common factor of 9159 and 12513.
129
Calculate the greatest common factor of 1184 and 213462176.
1184
Calculate the highest common factor of 5364 and 8084.
4
Calculate the highest common factor of 2869 and 9383593.
151
What is the highest common factor of 314629329 and 11855?
2371
Calculate the highest common factor of 3256 and 10488316.
148
Calculate the highest common divisor of 358415 and 40.
5
What is the highest common divisor of 2004 and 481788?
12
Calculate the highest common factor of 10137240 and 696.
696
What is the greatest common factor of 1421 and 20020273?
49
Calculate the greatest common factor of 19440 and 261344.
16
Calculate the greatest common divisor of 512 and 2887115264.
512
Calculate the highest common divisor of 1008 and 1413090.
126
Calculate the highest common factor of 22568 and 3056228.
868
What is the highest common factor of 644331660 and 420?
420
Calculate the greatest common divisor of 778098 and 119802.
246
Calculate the highest common divisor of 40776 and 4056.
24
What is the greatest common factor of 667590 and 340?
170
Calculate the greatest common divisor of 332503 and 527.
17
What is the highest common divisor of 7898 and 809094?
22
What is the highest common divisor of 114 and 337860147?
57
What is the highest common factor of 42730 and 431812288?
8546
Calculate the greatest common factor of 176 and 26027824.
16
What is the highest common factor of 3495337 and 413?
59
Calculate the highest common factor of 4875 and 8661.
3
Calculate the highest common divisor of 284426346 and 1074.
1074
Calculate the greatest common factor of 22344 and 545128.
8
What is the greatest common factor of 317277521 and 1892?
473
Calculate the greatest common divisor of 107926 and 309546.
1186
Calculate the greatest common factor of 136 and 1527450.
34
What is the highest common divisor of 241173 and 14581251?
1143
Calculate the greatest common divisor of 21886179 and 30877.
2807
What is the greatest common divisor of 130656 and 18688?
32
Calculate the greatest common factor of 31104 and 4135536.
1296
Calculate the greatest common divisor of 74599074 and 230.
46
What is the highest common factor of 171838 and 809687?
569
What is the greatest common divisor of 1794516700 and 8200?
4100
Calculate the highest common divisor of 3510 and 1166454.
54
Calculate the greatest common factor of 1920 and 84868992.
384
Calculate the highest common divisor of 18858434 and 988274.
13538
Calculate the highest common divisor of 57574 and 286121.
11
What is the greatest common divisor of 238719 and 156?
39
What is the greatest common factor of 378 and 6942267?
27
What is the highest common factor of 1669816 and 22936?
376
Calculate the greatest common factor of 27096 and 30804.
12
What is the highest common divisor of 450 and 515670?
30
What is the greatest common factor of 804 and 57912924?
804
Calculate the greatest common divisor of 400725 and 801.
9
What is the greatest common divisor of 3141 and 239?
1
What is the highest common factor of 3938747 and 5576?
697
Calculate the highest common factor of 91740077 and 759.
253
Calculate the highest common factor of 15530 and 4011399.
1553
Calculate the highest common divisor of 284144 and 249529.
301
Calculate the highest common divisor of 15216133 and 1891.
31
Calculate the greatest common divisor of 2426017 and 446.
223
What is the greatest common divisor of 108356043 and 978?
489
What is the highest common divisor of 156308820 and 155?
155
What is the highest common divisor of 49 and 882077?
7
Calculate the greatest common divisor of 20350617 and 26851.
2441
What is the highest common factor of 36832729 and 23?
23
What is the greatest common factor of 1512 and 139781160?
216
What is the highest common divisor of 135812 and 950?
38
Calculate the greatest common factor of 27 and 140088393.
27
What is the highest common divisor of 52594514 and 23?
23
What is the highest common divisor of 2354496 and 372?
12
Calculate the highest common divisor of 71765883 and 84.
21
Calculate the highest common factor of 1232154 and 38100.
762
Calculate the highest common factor of 453487 and 9219.
439
Calculate the greatest common factor of 12098 and 1437638.
46
Calculate the greatest common divisor of 53301950 and 150.
50
What is the greatest common factor of 2952800 and 18000?
400
Calculate the highest common factor of 46496 and 979744.
32
What is the greatest common factor of 84 and 9347820?
12
Calculate the highest common divisor of 50840 and 49724.
124
What is the greatest common divisor of 30478154 and 70?
14
Calculate the highest common factor of 83629 and 10049.
13
What is the greatest common factor of 55254432 and 4560?
912
What is the highest common factor of 520 and 309064600?
520
Calculate the greatest common factor of 134526 and 604170.
42
What is the greatest common factor of 314839 and 5413695?
7679
Calculate the highest common factor of 2813 and 224576.
29
Calculate the greatest common factor of 128 and 43196192.
32
Calculate the highest common divisor of 216144 and 328128.
48
Calculate the highest common divisor of 32 and 20571312.
16
Calculate the greatest common factor of 63 and 252721119.
21
Calculate the highest common factor of 261160969 and 17129.
2447
Calculate the greatest common factor of 215 and 13270445.
215
Calculate the greatest common factor of 22671 and 119889.
99
Calculate the greatest common divisor of 272415 and 495.
165
What is the highest common divisor of 796956865 and 107?
107
What is the highest common divisor of 80 and 22522300?
20
Calculate the